ivided by 67?
0
What is the remainder when 3056 is divided by 26?
14
What is the remainder when 7044 is divided by 86?
78
Calculate the remainder when 2796 is divided by 1438.
1358
Calculate the remainder when 9763 is divided by 422.
57
What is the remainder when 123903 is divided by 1059?
0
What is the remainder when 4050 is divided by 882?
522
What is the remainder when 2716 is divided by 62?
50
What is the remainder when 44096 is divided by 171?
149
Calculate the remainder when 6249 is divided by 297.
12
What is the remainder when 2573 is divided by 419?
59
Calculate the remainder when 3060 is divided by 228.
96
Calculate the remainder when 19654 is divided by 104.
102
Calculate the remainder when 453 is divided by 50.
3
Calculate the remainder when 9303 is divided by 8914.
389
Calculate the remainder when 36545 is divided by 60.
5
Calculate the remainder when 18875 is divided by 402.
383
What is the remainder when 16051 is divided by 109?
28
Calculate the remainder when 38687 is divided by 9624.
191
Calculate the remainder when 88645 is divided by 349.
348
Calculate the remainder when 1570721 is divided by 1611.
1607
What is the remainder when 14191 is divided by 14176?
15
Calculate the remainder when 8567 is divided by 857.
854
Calculate the remainder when 92 is divided by 41.
10
What is the remainder when 3493 is divided by 303?
160
Calculate the remainder when 537884 is divided by 39.
35
Calculate the remainder when 85751 is divided by 29.
27
Calculate the remainder when 3165 is divided by 4.
1
What is the remainder when 2260 is divided by 2254?
6
What is the remainder when 15855 is divided by 1171?
632
Calculate the remainder when 1074 is divided by 312.
138
Calculate the remainder when 46536 is divided by 179.
175
What is the remainder when 279999 is divided by 2522?
57
What is the remainder when 6498 is divided by 1428?
786
What is the remainder when 4923 is divided by 21?
9
Calculate the remainder when 53191 is divided by 1563.
49
What is the remainder when 64032 is divided by 696?
0
What is the remainder when 11794 is divided by 697?
642
Calculate the remainder when 864545 is divided by 58.
55
Calculate the remainder when 97185 is divided by 200.
185
What is the remainder when 4049 is divided by 475?
249
What is the remainder when 52779 is divided by 114?
111
Calculate the remainder when 3494 is divided by 1659.
176
Calculate the remainder when 1666 is divided by 50.
16
What is the remainder when 18673 is divided by 61?
7
Calculate the remainder when 22594 is divided by 2123.
1364
What is the remainder when 1957 is divided by 52?
33
Calculate the remainder when 199531 is divided by 6.
1
Calculate the remainder when 7588567 is divided by 219.
217
Calculate the remainder when 47465 is divided by 14.
5
Calculate the remainder when 112313 is divided by 3.
2
What is the remainder when 77986 is divided by 25?
11
What is the remainder when 686 is divided by 210?
56
What is the remainder when 41205 is divided by 981?
3
Calculate the remainder when 2309 is divided by 2195.
114
What is the remainder when 3307 is divided by 222?
199
What is the remainder when 3422 is divided by 506?
386
Calculate the remainder when 2099 is divided by 21.
20
Calculate the remainder when 70829 is divided by 749.
423
Calculate the remainder when 386539 is divided by 87.
85
What is the remainder when 5692 is divided by 76?
68
Calculate the remainder when 7249 is divided by 206.
39
What is the remainder when 3150 is divided by 4?
2
Calculate the remainder when 10638 is divided by 509.
458
What is the remainder when 4595370 is divided by 68?
66
What is the remainder when 15077 is divided by 758?
675
Calculate the remainder when 9342 is divided by 61.
9
Calculate the remainder when 31713 is divided by 61.
54
What is the remainder when 9188 is divided by 668?
504
Calculate the remainder when 10709 is divided by 2675.
9
What is the remainder when 39422 is divided by 287?
103
What is the remainder when 222622 is divided by 65?
62
What is the remainder when 80338 is divided by 968?
962
Calculate the remainder when 8024 is divided by 447.
425
Calculate the remainder when 1203 is divided by 348.
159
What is the remainder when 4483 is divided by 1336?
475
Calculate the remainder when 94310 is divided by 23575.
10
Calculate the remainder when 59128 is divided by 552.
64
What is the remainder when 24752 is divided by 2743?
65
Calculate the remainder when 4058 is divided by 87.
56
Calculate the remainder when 644 is divided by 53.
8
Calculate the remainder when 254064 is divided by 25398.
84
What is the remainder when 1605 is divided by 793?
19
Calculate the remainder when 8217 is divided by 13.
1
Calculate the remainder when 1827 is divided by 224.
35
What is the remainder when 2058077 is divided by 152?
149
Calculate the remainder when 83690 is divided by 1213.
1206
What is the remainder when 716232 is divided by 329?
328
Calculate the remainder when 28801 is divided by 4114.
3
What is the remainder when 21667 is divided by 43?
38
Calculate the remainder when 354473 is divided by 177233.
7
Calculate the remainder when 131396 is divided by 60.
56
What is the remainder when 29217 is divided by 9733?
18
What is the remainder when 113951 is divided by 213?
209
Calculate the remainder when 5949 is divided by 1975.
24
Calculate the remainder when 5786 is divided by 921.
260
What is the remainder when 8828 is divided by 2194?
52
What is the remainder when 548412 is divided by 78?
72
What is the remainder when 116208 is divided by 4?
0
Calculate the remainder when 13589 is divided by 412.
405
Calculate the remainder when 2855 is divided by 476.
475
Calculate the remainder when 8106 is divided by 8105.
1
What is the remainder when 1686081 is divided by 23?
20
Calculate the remainder when 5552 is divided by 1106.
22
What is the remainder when 1632 is divided by 342?
264
What is the remainder when 29154 is divided by 92?
82
Calculate the remainder when 87719 is divided by 37.
29
Calculate the remainder when 5404 is divided by 496.
444
What is the remainder when 42802 is divided by 369?
367
What is the remainder when 3310 is divided by 47?
20
Calculate the remainder when 705 is divided by 193.
126
What is the remainder when 30149 is divided by 225?
224
Calculate the remainder when 66026 is divided by 32.
10
What is the remainder when 50814 is divided by 462?
456
What is the remainder when 25341 is divided by 48?
45
Calculate the remainder when 15738 is divided by 37.
13
Calculate the remainder when 8571 is divided by 165.
156
Calculate the remainder when 1938 is divided by 238.
34
Calculate the remainder when 104739 is divided by 301.
292
What is the remainder when 86585 is divided by 17317?
0
Calculate the remainder when 3598 is divided by 599.
4
What is the remainder when 84499 is divided by 15?
4
What is the remainder when 3547 is divided by 1731?
85
What is the remainder when 246047 is divided by 48?
47
What is the remainder when 57431 is divided by 51?
5
Calculate the remainder when 89892 is divided by 44940.
12
What is the remainder when 27129 is divided by 106?
99
What is the remainder when 19205 is divided by 6400?
5
Calculate the remainder when 12773 is divided by 168.
5
What is the remainder when 31721 is divided by 77?
74
What is the remainder when 11798 is divided by 38?
18
Calculate the remainder when 10074 is divided by 92.
46
What is the remainder when 975 is divided by 908?
67
Calculate the remainder when 3872699 is divided by 2340.
2339
Calculate the remainder when 21581 is divided by 1960.
21
What is the remainder when 513 is divided by 345?
168
What is the remainder when 13368 is divided by 382?
380
What is the remainder when 15379 is divided by 43?
28
What is the remainder when 3418 is divided by 3361?
57
What is the remainder when 4109 is divided by 52?
1
Calculate the remainder when 46765 is divided by 1339.
1239
Calculate the remainder when 78396 is divided by 279.
276
What is the remainder when 65595 is divided by 377?
374
Calculate the remainder when 85918 is divided by 40.
38
Calculate the remainder when 11578 is divided by 772.
770
Calculate the remainder when 16234 is divided by 16053.
181
What is the remainder when 48 is divided by 23?
2
What is the re